st common factor of 18 and 14?
2
Calculate the greatest common divisor of 6552 and 28.
28
What is the highest common divisor of 24 and 3468?
12
What is the highest common divisor of 15 and 303?
3
Calculate the highest common divisor of 354 and 2301.
177
Calculate the highest common divisor of 572 and 182.
26
Calculate the highest common factor of 136 and 493.
17
What is the greatest common divisor of 368 and 23?
23
What is the highest common factor of 575 and 736?
23
Calculate the highest common factor of 480 and 15.
15
Calculate the greatest common divisor of 220 and 792.
44
Calculate the highest common factor of 14 and 1330.
14
Calculate the greatest common divisor of 16 and 88.
8
What is the greatest common divisor of 30 and 1370?
10
Calculate the highest common divisor of 133 and 323.
19
What is the greatest common divisor of 260 and 60?
20
What is the highest common divisor of 40 and 1080?
40
What is the greatest common divisor of 84 and 20524?
28
What is the highest common factor of 1888 and 4838?
118
What is the greatest common factor of 27 and 81?
27
Calculate the highest common factor of 578 and 51.
17
Calculate the greatest common divisor of 5 and 125.
5
What is the greatest common divisor of 10 and 345?
5
What is the greatest common factor of 430 and 50?
10
Calculate the greatest common divisor of 736 and 64.
32
What is the greatest common divisor of 1421 and 175?
7
Calculate the highest common divisor of 242 and 44.
22
What is the greatest common divisor of 336 and 696?
24
Calculate the highest common factor of 1356 and 396.
12
What is the greatest common factor of 168 and 882?
42
Calculate the highest common factor of 150 and 135.
15
Calculate the greatest common divisor of 117 and 22347.
117
Calculate the highest common divisor of 1102 and 58.
58
Calculate the highest common divisor of 2310 and 90.
30
What is the greatest common divisor of 20064 and 66?
66
Calculate the highest common divisor of 1104 and 69.
69
Calculate the greatest common divisor of 64 and 1552.
16
What is the highest common divisor of 6 and 78?
6
Calculate the highest common divisor of 5033 and 7.
7
Calculate the highest common factor of 1152 and 18.
18
What is the highest common divisor of 270 and 30?
30
Calculate the highest common divisor of 6818 and 14.
14
What is the highest common factor of 10 and 6500?
10
What is the greatest common divisor of 45 and 85?
5
Calculate the highest common divisor of 768 and 48.
48
Calculate the greatest common divisor of 473 and 2021.
43
What is the highest common factor of 11098 and 124?
62
Calculate the greatest common divisor of 36 and 2022.
6
What is the greatest common divisor of 6575 and 125?
25
Calculate the greatest common divisor of 9 and 327.
3
What is the greatest common divisor of 712 and 445?
89
Calculate the highest common divisor of 78 and 3250.
26
What is the highest common divisor of 6 and 2475?
3
Calculate the greatest common factor of 114 and 34.
2
Calculate the greatest common factor of 18 and 4986.
18
Calculate the greatest common divisor of 194 and 1067.
97
What is the highest common factor of 144 and 198?
18
What is the greatest common divisor of 696 and 2842?
58
Calculate the greatest common factor of 3222 and 18.
18
What is the highest common factor of 144 and 8?
8
Calculate the greatest common divisor of 50 and 320.
10
Calculate the greatest common factor of 19 and 19.
19
Calculate the highest common factor of 42 and 14658.
42
Calculate the highest common divisor of 72 and 3141.
9
Calculate the highest common factor of 396 and 684.
36
What is the greatest common factor of 2384 and 272?
16
What is the highest common divisor of 112 and 3556?
28
What is the greatest common factor of 3888 and 32?
16
Calculate the highest common factor of 96 and 64.
32
Calculate the greatest common divisor of 1480 and 60.
20
What is the highest common factor of 348 and 32?
4
What is the highest common factor of 325 and 39?
13
Calculate the highest common factor of 58 and 11426.
58
What is the greatest common factor of 24 and 18?
6
What is the greatest common divisor of 3738 and 18?
6
What is the highest common divisor of 84 and 1092?
84
What is the highest common factor of 5 and 5755?
5
Calculate the highest common divisor of 203 and 35.
7
What is the highest common divisor of 54 and 306?
18
Calculate the greatest common divisor of 791 and 1.
1
Calculate the greatest common divisor of 2074 and 61.
61
Calculate the highest common divisor of 23 and 805.
23
What is the highest common divisor of 16 and 6224?
16
Calculate the highest common divisor of 8319 and 885.
177
What is the greatest common factor of 48 and 1080?
24
Calculate the highest common factor of 234 and 216.
18
What is the highest common factor of 108 and 768?
12
What is the highest common factor of 2275 and 286?
13
Calculate the highest common divisor of 32 and 656.
16
Calculate the highest common divisor of 32 and 16.
16
What is the highest common factor of 840 and 1855?
35
Calculate the highest common divisor of 60936 and 24.
24
What is the greatest common divisor of 152 and 24?
8
Calculate the highest common factor of 6720 and 140.
140
Calculate the greatest common divisor of 9117 and 9.
9
What is the greatest common divisor of 224 and 70?
14
What is the greatest common divisor of 1469 and 117?
13
What is the highest common factor of 6413 and 106?
53
Calculate the greatest common divisor of 1428 and 24.
12
What is the greatest common factor of 44 and 341?
11
Calculate the greatest common divisor of 835 and 3173.
167
What is the highest common factor of 972 and 450?
18
Calculate the greatest common divisor of 43 and 42054.
43
Calculate the highest common divisor of 930 and 90.
30
What is the highest common factor of 65 and 4160?
65
What is the greatest common factor of 36 and 612?
36
What is the highest common divisor of 649 and 236?
59
Calculate the greatest common factor of 85 and 68.
17
What is the greatest common factor of 13 and 35?
1
Calculate the highest common divisor of 3753 and 278.
139
What is the greatest common divisor of 33 and 209?
11
What is the highest common divisor of 73 and 146?
73
Calculate the highest common divisor of 24 and 456.
24
What is the highest common divisor of 300 and 3450?
150
Calculate the greatest common divisor of 1 and 11.
1
What is the greatest common divisor of 9 and 873?
9
Calculate the highest common factor of 68 and 4148.
68
What is the greatest common factor of 4 and 134?
2
What is the highest common factor of 608 and 80?
16
What is the highest common factor of 56 and 392?
56
Calculate the highest common divisor of 110 and 320.
10
What is the greatest common divisor of 1 and 540?
1
What is the highest common factor of 576 and 36?
36
What is the greatest common factor of 16 and 14024?
8
Calculate the greatest common divisor of 1840 and 80.
80
What is the greatest common divisor of 6 and 2088?
6
Calculate the greatest common divisor of 387 and 3225.
129
What is the highest common factor of 844 and 11183?
211
What is the highest common divisor of 832 and 52?
52
Calculate the greatest common factor of 68 and 476.
68
What is the greatest common factor of 79 and 2528?
79
What is the greatest common divisor of 5320 and 266?
266
Calculate the greatest common divisor of 705 and 4465.
235
What is the greatest common factor of 171 and 1083?
57
What is the highest common factor of 13 and 1651?
13
Calculate the highest common factor of 130 and 208.
26
Calculate the highest common divisor of 91 and 18109.
91
What is the greatest common factor of 51 and 238?
17
Calculate the highest common factor of 2655 and 45.
45
What is the highest common factor of 42 and 672?
42
Calculate the greatest common divisor of 5 and 270.
5
Calculate the highest common factor of 27 and 789.
3
Calculate the greatest common divisor of 1463 and 88.
11
What is the greatest common factor of 70 and 2590?
70
What is the highest common divisor of 952 and 17?
17
Calculate the highest common factor of 2646 and 784.
98
What is the greatest common factor of 6125 and 49?
49
Calculate the highest common divisor of 1307 and 1.
1
What is the greatest common factor of 26 and 13?
13
What is the greatest common factor of 128 and 48?
16
Calculate the highest common